 factor of t and 16.
16
Let v(y) be the second derivative of -y**5/10 + y**3/3 + 44*y**2 - y. Suppose -38*t = -3*t. Let g be v(t). What is the highest common divisor of g and 11?
11
Let h be (-1*(1 - -1564))/((-159)/318). Calculate the highest common factor of h and 10.
10
Let n = -820 + 1142. Calculate the highest common divisor of n and 238.
14
Let y be 7 + (-1 - -13)*-3*10/(-40). Suppose -5*z = -4*z - 3*j - 215, 3*z - 5*j - 629 = 0. Suppose 3*i - z = 229. What is the highest common divisor of y and i?
16
Let h be ((-32 + -4)/(-3))/(-2). Let n be (-2356)/h - ((-42)/18 - -3). Calculate the highest common divisor of n and 56.
56
Let y(m) = -m - 10. Let h be y(8). Let j be (-106)/(-4) + (-9)/h. What is the greatest common divisor of j and 9?
9
Suppose -22*f + 1196 = 272. Let s = f + -12. What is the greatest common factor of s and 70?
10
Let l(k) = 28*k + 8. Let c be l(4). Let t = 121 - c. Calculate the greatest common factor of 31 and t.
1
Let d be 1463/19 + 0 + (-6)/3. Suppose -2*w - 5*b + 57 = 0, -2*w + b = -0*w - d. Calculate the highest common divisor of w and 16.
4
Let f = 220 - 218. Suppose -z = -2*z + 3. Suppose f*n - 12 = j + j, -2*n - z*j = 3. What is the greatest common factor of n and 3?
3
Suppose 4*p - p = -4*d + 23, -3*d + 14 = 2*p. Let v = 53567 - 53398. Calculate the highest common divisor of v and p.
13
Let u be 6/(-33) - (-408)/66. Let w = 71 - -41. Suppose -u*x - w = -8*x. Calculate the greatest common factor of 28 and x.
28
Suppose -z + 213 = 2*v + 55, 3*v - 832 = -5*z. Calculate the highest common divisor of z and 40.
10
Suppose -w - 158 = -79*h + 75*h - 3*w, 0 = w - 1. Suppose -6*m + 325 = -m. Calculate the highest common factor of h and m.
13
Suppose -575 = -16*o + 673. What is the highest common factor of 213 and o?
3
Suppose -33*u + 37*u + v - 314 = 0, 545 = 7*u + 4*v. What is the highest common divisor of u and 3397?
79
Suppose 0 = 8*n - 3*n + 3*g - 386, -3*g - 298 = -4*n. Suppose 0 = 6*y + n - 52. Let f be 9 + (-3 - 1)/y. What is the highest common divisor of 40 and f?
10
Let w(u) = -u**2 + 16*u + 30. Let y be w(15). Suppose 0 = -38*k + y*k - 798. Calculate the highest common factor of 19 and k.
19
Let j = 7 + -16. Let g be (-4)/((-12)/j) + (-1 - -4). Suppose -4*h + 5*h - 4*m - 56 = g, 5*m = 5*h - 235. Calculate the greatest common factor of h and 4.
4
Let s(l) = -7*l**2 + l + 196. Let r be s(0). What is the greatest common factor of 7 and r?
7
Suppose -3*o + 5*t + 290 = 0, t - 282 = -5*o + 248. Let j = -93 - -63. Let s be (-3)/(3/j*1). Calculate the greatest common factor of o and s.
15
Let y = 127 - 91. Let u = 243 + -237. Suppose u*q + 3*q = 108. What is the highest common divisor of y and q?
12
Suppose -4*u + 13 = -23. Suppose 1144 = 4*o + u*o. What is the greatest common divisor of o and 16?
8
Let n(j) = -j**3 - 19*j**2 - 5*j - 29. Let m be n(-19). Suppose 102 = 68*x - m*x. Calculate the highest common factor of 459 and x.
51
Let w(k) = -3*k**3 - 6*k**2 + 4*k + 5. Let j be w(-3). Let i be (65/j)/((-1)/(-4)). Suppose 765 = -10*p + i*p. Calculate the highest common divisor of 15 and p.
15
Suppose -200*z = -67*z - 145236. What is the greatest common divisor of z and 208?
52
Let j(u) = 7*u**3 + 31*u**2 - 2*u + 8. Let k be j(4). Calculate the highest common divisor of k and 413.
59
Suppose 11*p = 15466 + 990. Calculate the highest common divisor of 1012 and p.
44
Let x = -64 + 97. Let s = x + -15. What is the greatest common factor of s and 6?
6
Suppose -o - 3*y + 5657 = 0, -5*o + 35*y = 32*y - 28141. What is the highest common factor of 129 and o?
43
Suppose -147*u - 282636 = -889452. Calculate the highest common divisor of u and 96.
96
Let c = -193 + 410. Let r = 49572 + -49541. What is the greatest common factor of r and c?
31
Let f = 241 + -276. Let y be ((-140)/f)/((-2)/(-20)). What is the greatest common factor of 20 and y?
20
Let o(x) = 35*x + 2. Let j be o(1). Let z be (8/1 - (-36)/(-9)) + j. What is the highest common factor of z and 369?
41
Let r(p) = -53*p - 1644. Let b be r(-33). Suppose -672 = -39*c + 35*c. What is the highest common factor of c and b?
21
Suppose -8*j - 4*i - 764 = -11*j, j + 4*i - 244 = 0. Calculate the greatest common factor of 693 and j.
63
Let j be 4 - (2001/(-12) + 3 - 22/88). What is the greatest common factor of j and 174?
6
Let p(n) = n**3 + 5*n**2 + 10*n - 21. Let a be p(8). What is the highest common divisor of a and 135?
27
Suppose -2*g + 51016 - 50904 = 0. Calculate the highest common divisor of g and 7322.
14
Suppose 337 - 206 = -10*c + 161. What is the greatest common divisor of 2271 and c?
3
Suppose -2 = -2*f + 4*w, 5*f - 10 = 2*w - 5. Suppose -2*z = -4*o + 8, 5*o = -5*z + 4*z + 3. What is the highest common divisor of f and o?
1
Suppose 12*y - 7*y - 189 = -4*y. What is the greatest common factor of 4137 and y?
21
Let g be (-6)/39 + 516/13*6. Suppose 5*i + 179 = 3*t - 0*i, 0 = 3*t - i - 199. Calculate the highest common factor of g and t.
34
Let d = -7 - -30. Suppose -d = -5*r - 8. Suppose 2*p = 4*n + 28, -18 = -5*p - 0*n - r*n. What is the greatest common divisor of 42 and p?
6
Suppose 20*l - 4664 = 7136. Calculate the highest common factor of l and 20.
10
Suppose 178*g - 4836 = -3*o, -2*o - 15*g - 34 = -17*g. Let t(h) = -1 + 18*h + 3 + 0*h. Let k be t(6). Calculate the highest common factor of o and k.
10
Let y(m) = m**2 + m + 28. Let o be y(0). Let l = 16572 - 16488. What is the greatest common divisor of o and l?
28
Let p be (406 - -1)*(2 - 1). Suppose -411*y + p*y + 24 = 0. Let s(j) = -j**3 + 2*j. Let v be s(-2). What is the greatest common divisor of y and v?
2
Let x(w) = 2*w**2 + 93*w + 460. Let d be x(-41). What is the highest common factor of d and 1359?
9
Suppose 10 = -7*h - 74. Let p be ((-712)/h)/(14/21). Let b = p - -196. Calculate the highest common divisor of 114 and b.
57
Let z be (35/(-20) + 5/(-20))/(4/(-12)). Calculate the highest common divisor of z and 3129.
3
Let c(g) = 4*g**3 + 7*g**2 - 8*g - 10. Let h be c(-5). Let b = h - -390. Calculate the greatest common factor of 10 and b.
5
Let j = 442 - 302. Suppose 5*z = -2*h + 70, 5*h + z - j = 6*z. Suppose 2 + h = 4*k. What is the highest common factor of 32 and k?
8
Let x be (2 + -6)/(((-16)/6)/2) + 1717. What is the highest common factor of 70 and x?
10
Let o(j) = -2*j**3 + 7*j**2 + 5*j - 25. Let x be o(7). Let f = x + 643. What is the highest common factor of 20 and f?
10
Suppose k + 2*j - 8 = 0, -5*k + 6 = -4*k + j. Let l be k/(-14) + 220/35. Suppose -8 = 10*n - 12*n. Calculate the greatest common divisor of n and l.
2
Let d = -1655 - -1681. What is the highest common divisor of 5161 and d?
13
Let x be (-1 + 0 - (-64)/96)/(2/(-1290)). What is the greatest common factor of x and 86?
43
Let d(y) = -94*y - 4966. Let q be d(-57). What is the highest common factor of 4872 and q?
56
Let u(m) be the second derivative of -m**4/12 + 32*m**2 - 2*m. Let t be u(0). Suppose 128*g - 145*g + 2720 = 0. What is the greatest common factor of g and t?
32
Suppose b + 40 = -21*a + 25*a, b - 48 = -4*a. Suppose -350 = a*m - 21*m. What is the highest common factor of m and 665?
35
Let p be 60/(-42)*19096/(-155). What is the greatest common factor of p and 6292?
44
Suppose -3*o - 2484 = -15*o. Let g be (-24)/240 + 14/20*13. Calculate the greatest common factor of g and o.
9
Suppose 4*q - 1453 = 3*j, -35 + 42 = -j. Calculate the greatest common divisor of 14 and q.
2
Let n be ((-3)/2)/((-18)/(-264)). Let c(h) = -11*h**2 - 7*h + 17. Let s be c(2). Let w = n - s. Calculate the highest common factor of w and 133.
19
Suppose -16 = -2*t + 20. Suppose 3*y = y + q + t, 4*q = 3*y - 32. Let w = 94 + y. Calculate the highest common factor of w and 68.
34
Suppose 31*h - 30*h - 33 = 0. Let p = h - 55. Let n = p + 58. What is the greatest common factor of 12 and n?
12
Let g = 501 + -292. Let o = 59 + -2. Calculate the greatest common divisor of g and o.
19
Suppose -3*o + 4469 = 830. Let t = o - 1208. Let l be 0/(-2) + -2 + 4. Calculate the highest common divisor of l and t.
1
Suppose 4*g = 2*x + 1644, 2*x - 1843 - 185 = -5*g. Calculate the highest common factor of g and 192.
24
Let a = -868 + 1418. Let o(q) be the third derivative of -q**4/24 + 28*q**3/3 - 3*q**2 - 17*q. Let l be o(6). What is the highest common factor of a and l?
50
Su